tors of 15029790.
2, 3, 5, 43, 61, 191
What are the prime factors of 4944485?
5, 7, 13, 10867
List the prime factors of 774552.
2, 3, 59, 547
List the prime factors of 1997621.
1091, 1831
List the prime factors of 239203.
251, 953
What are the prime factors of 2885030?
2, 5, 103, 2801
List the prime factors of 1830814.
2, 41, 83, 269
List the prime factors of 95121.
3, 13, 271
What are the prime factors of 386491?
7, 55213
What are the prime factors of 593500?
2, 5, 1187
List the prime factors of 1469420.
2, 5, 73471
What are the prime factors of 116867?
116867
List the prime factors of 5013017.
19, 263843
List the prime factors of 63612.
2, 3, 19, 31
List the prime factors of 2125246.
2, 23, 47, 983
What are the prime factors of 5333557?
5333557
List the prime factors of 260440.
2, 5, 17, 383
List the prime factors of 1950527.
1950527
List the prime factors of 22784.
2, 89
List the prime factors of 453226.
2, 19, 11927
What are the prime factors of 19728549?
3, 23, 31769
List the prime factors of 1919633.
1919633
List the prime factors of 26743.
47, 569
What are the prime factors of 835404?
2, 3, 43, 1619
List the prime factors of 2240889.
3, 7, 17, 6277
List the prime factors of 5644109.
5644109
What are the prime factors of 358224?
2, 3, 17, 439
What are the prime factors of 87834?
2, 3, 14639
List the prime factors of 9325.
5, 373
What are the prime factors of 176776?
2, 19, 1163
List the prime factors of 5929505.
5, 61, 19441
What are the prime factors of 1153694?
2, 181, 3187
List the prime factors of 226904.
2, 113, 251
List the prime factors of 2018247.
3, 7, 11, 8737
List the prime factors of 26510.
2, 5, 11, 241
List the prime factors of 1182398.
2, 7, 84457
What are the prime factors of 4700936?
2, 587617
What are the prime factors of 42422?
2, 21211
What are the prime factors of 472843?
7, 31, 2179
List the prime factors of 1319563.
7, 131, 1439
List the prime factors of 62853.
3, 7, 41, 73
List the prime factors of 1028829.
3, 241, 1423
What are the prime factors of 2186125?
5, 17489
What are the prime factors of 906096?
2, 3, 43, 439
What are the prime factors of 186050?
2, 5, 61
List the prime factors of 193050.
2, 3, 5, 11, 13
What are the prime factors of 6558598?
2, 61, 53759
What are the prime factors of 434704?
2, 101, 269
List the prime factors of 6694308.
2, 3, 19, 9787
What are the prime factors of 4017?
3, 13, 103
What are the prime factors of 5645036?
2, 227, 6217
What are the prime factors of 615393?
3, 101, 677
What are the prime factors of 1769003?
17, 104059
What are the prime factors of 969519?
3, 23, 14051
What are the prime factors of 2134681?
53, 40277
List the prime factors of 499156.
2, 7, 17827
What are the prime factors of 1992083?
83, 24001
List the prime factors of 583729.
17, 34337
List the prime factors of 438519.
3, 146173
List the prime factors of 183165.
3, 5, 12211
List the prime factors of 246584.
2, 13, 2371
List the prime factors of 104690.
2, 5, 19, 29
What are the prime factors of 1087466?
2, 83, 6551
What are the prime factors of 1093741?
11, 99431
What are the prime factors of 983704?
2, 122963
What are the prime factors of 186215?
5, 37243
What are the prime factors of 19761044?
2, 281, 17581
List the prime factors of 526172.
2, 131543
What are the prime factors of 2394107?
823, 2909
What are the prime factors of 31386142?
2, 859, 18269
List the prime factors of 9925808.
2, 620363
List the prime factors of 466196.
2, 116549
What are the prime factors of 219174?
2, 3, 36529
List the prime factors of 3116494.
2, 19, 82013
What are the prime factors of 377989?
191, 1979
What are the prime factors of 763885?
5, 152777
List the prime factors of 330550.
2, 5, 11, 601
What are the prime factors of 22150420?
2, 5, 37, 809
What are the prime factors of 9870768?
2, 3, 73, 313
What are the prime factors of 615761?
615761
List the prime factors of 903391.
903391
What are the prime factors of 525901?
19, 89, 311
List the prime factors of 223653.
3, 74551
List the prime factors of 3055569.
3, 11, 92593
List the prime factors of 4487275.
5, 13, 13807
List the prime factors of 514305.
3, 5, 11, 1039
List the prime factors of 14089016.
2, 1761127
List the prime factors of 6483787.
73, 88819
List the prime factors of 9502890.
2, 3, 5, 173, 1831
What are the prime factors of 3060448?
2, 59, 1621
List the prime factors of 1284089.
389, 3301
List the prime factors of 210112.
2, 7, 67
What are the prime factors of 306384?
2, 3, 13, 491
What are the prime factors of 8966557?
131, 68447
What are the prime factors of 12032667?
3, 1336963
What are the prime factors of 35518237?
3889, 9133
List the prime factors of 5005243.
43, 2707
List the prime factors of 62073.
3, 11, 19
List the prime factors of 3095900.
2, 5, 83, 373
List the prime factors of 237920.
2, 5, 1487
What are the prime factors of 60357?
3, 11, 31, 59
List the prime factors of 6823131.
3, 7, 31, 47, 223
What are the prime factors of 5203584?
2, 3, 4517
List the prime factors of 291410.
2, 5, 7, 23, 181
What are the prime factors of 481805?
5, 173, 557
What are the prime factors of 4395903?
3, 1465301
What are the prime factors of 2442727?
7, 151, 2311
List the prime factors of 5446060.
2, 5, 317, 859
What are the prime factors of 4104804?
2, 3, 11, 257
What are the prime factors of 661755?
3, 5, 157, 281
List the prime factors of 4109828.
2, 83, 12379
What are the prime factors of 2153785?
5, 71, 6067
What are the prime factors of 350231?
7, 50033
List the prime factors of 13174437.
3, 1061, 4139
List the prime factors of 162694.
2, 7, 11621
What are the prime factors of 915229?
7, 17, 7691
List the prime factors of 14788346.
2, 19, 389167
List the prime factors of 817765.
5, 13, 23, 547
List the prime factors of 333589.
333589
List the prime factors of 3015717.
3, 1005239
List the prime factors of 99119.
99119
List the prime factors of 15972140.
2, 5, 101, 7907
List the prime factors of 215918.
2, 47, 2297
What are the prime factors of 272568?
2, 3, 41, 277
What are the prime factors of 35834113?
7, 17, 301127
What are the prime factors of 3044515?
5, 608903
What are the prime factors of 264545?
5, 157, 337
List the prime factors of 4062473.
17, 14057
What are the prime factors of 277552?
2, 11, 19, 83
What are the prime factors of 7908125?
5, 12653
What are the prime factors of 2997749?
197, 15217
List the prime factors of 1377013.
11, 125183
What are the prime factors of 5106728?
2, 11, 58031
List the prime factors of 1377025.
5, 13, 19, 223
What are the prime factors of 67399?
67399
List the prime factors of 154228.
2, 38557
What are the prime factors of 418114?
2, 19, 11003
List the prime factors of 13842608.
2, 13, 61, 1091
What are the prime factors of 439649?
7, 181, 347
List the prime factors of 5292195.
3, 5, 352813
List the prime factors of 152241.
3, 31, 1637
List the prime factors of 1237581.
3, 199, 691
What are the prime factors of 743412?
2, 3, 41, 1511
List the prime factors of 184212.
2, 3, 7, 17, 43
List the prime factors of 70640.
2, 5, 883
List the prime factors of 1356739.
71, 97, 197
List the prime factors of 2254923.
3, 11, 22777
What are the prime factors of 969923?
969923
What are the prime factors of 2055251?
11, 186841
List the prime factors of 326287.
13, 19, 1321
What are the prime factors of 426677?
29, 14713
What are the prime factors of 93488?
2, 5843
What are the prime factors of 9319323?
3, 13, 83, 2879
List the prime factors of 495584.
2, 17, 911
List the prime factors of 36037.
36037
List the prime factors of 457388.
2, 29, 3943
List the prime factors of 886107.
3, 53, 5573
List the prime factors of 1295852.
2, 131, 2473
What are the prime factors of 1185456?
2, 3, 24697
List the prime factors of 483755.
5, 31, 3121
What are the prime factors of 3948179?
3948179
What are the prime factors of 4677821?
4677821
What are the prime factors of 8704641?
3, 11, 19, 13883
List the prime factors of 32083807.
7, 613, 7477
What are the prime factors of 10715969?
11, 974179
What are the prime factors of 97026?
2, 3, 103, 157
What are the prime factors of 218863?
29, 7547
List the prime factors of 927329.
13, 71333
List the prime factors of 100592.
2, 6287
What are the prime factors of 3184964?
2, 79, 10079
What are the prim